 is the units digit of y(-5)?
7
Suppose -2 + 1 = -o, -g + o + 13 = 0. What is the units digit of (23/(-2))/(g/(-56))?
6
Suppose 0*x = -5*x + 20. Let p(j) = 8*j - 5. What is the units digit of p(x)?
7
Let o(y) = 4*y**2 + 18*y + 5. Let q(m) = 5*m**2 + 19*m + 5. Let h(c) = -4*o(c) + 3*q(c). What is the units digit of h(-13)?
1
Suppose 11 = 3*n + 4*x - 18, n + x = 10. What is the tens digit of n?
1
What is the units digit of (-479)/(-2) - (0 - (-6)/(-12))?
0
Let i(n) = -n**3 + 3*n**2 - n + 2. What is the hundreds digit of i(-4)?
1
Let w(o) = o**2 - 3*o - 22. What is the tens digit of w(-8)?
6
Suppose 5*l + 2*r - 84 = 143, -4*r = -2*l + 110. What is the tens digit of l?
4
Suppose -3*o + 66 = 4*k - 96, -5*k - 189 = -3*o. What is the tens digit of o?
5
Suppose -5*r - 5 = 5, -907 = -3*i + 5*r. What is the tens digit of i?
9
Let t(u) = -4*u + 1. Let z be (-38)/14 - 6/21. What is the units digit of t(z)?
3
Suppose 436 - 104 = 4*k. What is the tens digit of k?
8
Suppose 4*f + 4 = -o, -4*o + 17 = -3*o - 3*f. Let y(i) = -i**3 - 3*i**2 + 6*i + 5. Let k be y(-4). What is the units digit of k/(-12) - (-62)/o?
8
Let s = 6 + -1. Let w(m) = -1 - m**3 + 2*m**3 + 5 - 6*m**2 + 5*m. What is the units digit of w(s)?
4
Suppose 2*k = 3*y - 103, 0 = y + 2*k - 21 - 0. What is the tens digit of y?
3
Let b = 5 - 6. What is the units digit of 54/4 + b/(-2)?
4
Suppose q - 1 + 5 = 0. Let o(k) = 17*k. Let b(l) = -4*l. Let t(p) = 26*b(p) + 6*o(p). What is the units digit of t(q)?
8
Suppose -2*m + 245 = 3*m. What is the units digit of m?
9
Let t be (-4)/14 - (-1688)/28. Suppose 2*j = 2*z + 6*j - t, -4*z - 2*j + 102 = 0. What is the tens digit of z?
2
Let l = -6 + 10. Let y(w) = -w**3 - w**2 + w - 1. Let i be y(0). Let g = i + l. What is the units digit of g?
3
What is the units digit of (140 - 40) + 4/2?
2
Let k(c) = c + 13. Suppose 33 = -5*h + 3. What is the units digit of k(h)?
7
Suppose -4*t + 315 = q, -2*t - 4*q = -q - 155. What is the tens digit of t?
7
Suppose -3*y - 552 = -9*y. What is the tens digit of y?
9
What is the tens digit of (-16)/(-8)*(-15)/(-2)?
1
What is the units digit of (-316)/(-6)*(-81)/(-54)?
9
Let i(a) = a + 5. Let y(z) = -z**3 - 6*z**2 - 6*z - 5. Let m be y(-5). Let c be i(m). Suppose -c - 25 = -5*l. What is the units digit of l?
6
Suppose -104 = -2*d - 5*v, -228 = -4*d - 3*v - 2*v. What is the units digit of d?
2
Let w(t) = t**3 - 4*t**2 + 5*t - 4. Let a be w(3). Suppose 2*q - 4 = a. Suppose -12 = -q*h - h. What is the units digit of h?
3
Suppose -57 + 382 = 5*f. What is the units digit of f?
5
What is the tens digit of (-4 + -5)/((-1)/6)?
5
Let f = 0 - 3. Let p(q) = -2*q**3 - 5*q**2 - 4*q - 4. What is the units digit of p(f)?
7
Let r(a) = 2*a + 5. Let z be r(5). Suppose z = 5*f - 2*k, 4*f + 3*k = -1 - 10. Suppose 5*g + v - 17 = 0, g - f = -4*v + 10. What is the units digit of g?
3
Let j = -7 + 12. What is the units digit of (j/(-10))/((-1)/16)?
8
Suppose 0*o = -2*o. Suppose -6*n = -n + 2*q - 49, 4*n - 2*q - 50 = o. What is the units digit of n?
1
Suppose 0*u - 45 = -3*u. Let p = u + -11. What is the units digit of p?
4
Suppose -415 = -17*u + 12*u. What is the units digit of u?
3
Let d = 4 + -3. Let y = -1 + d. Suppose -5*f + 10 = -y*f. What is the units digit of f?
2
Suppose 5*a + u - 5*u - 10 = 0, 0 = a - 3*u - 2. Suppose 5*r = 5*i + 55, -a*r - 7 = -4*r - i. What is the units digit of r?
6
Suppose 4*q + 36 = -4*b, 5*b + 20 = -2*q - 1. Let a = q + 32. Suppose i - 16 = -3*s, -4*s + 3*s - 5*i = -a. What is the units digit of s?
4
Let h(r) = r**3 + 7*r**2 + 5. Let z be h(-7). Suppose z*p - 102 = -4*b, 0 = -p + 5*p + 4*b - 84. Suppose -3*x + 5*x - p = 0. What is the units digit of x?
9
What is the tens digit of 8/20*(-100)/(-2)?
2
Suppose -3*l + 7 = -2. Suppose -1 = -2*o - l. What is the units digit of (1 - 0 - o) + -1?
1
Suppose -42*x + 39*x + 315 = 0. What is the units digit of x?
5
Let n = -197 - -69. Let v = n + 70. What is the units digit of v/(-18) + 2/(-9)?
3
Suppose -16 = 4*s - 0*s. Let p be 46/8 + (-4)/(-16). What is the units digit of 6/s*(-40)/p?
0
Suppose -3*n + 5*k = -112, n = -n - 3*k + 100. What is the tens digit of n?
4
Let p(s) be the first derivative of s**3/3 + 5*s**2 - s + 1. Let a(b) = b. Let o(t) = 3*a(t) - p(t). What is the units digit of o(-7)?
1
Let f(k) = 5*k - 15. Let u(z) = -4*z + 14. Let c(r) = 3*f(r) + 4*u(r). What is the units digit of c(7)?
4
Let n = -28 + 49. Let x = -12 + n. What is the units digit of x?
9
Suppose -x - 2 = -0*x. What is the units digit of x/(-7) - (-5)/7?
1
Let q(j) = -21*j**3 - 4*j**2 - 6*j - 7. What is the units digit of q(-2)?
7
Let y = 17 + -12. Suppose -6 - 9 = -y*t. What is the units digit of t?
3
Let t be (-2)/8 - (-111)/12. Let a = t + -8. What is the units digit of a?
1
What is the units digit of -20*(-9)/((-18)/(-4))?
0
Suppose 4*b - 2 = a - 4*a, 2*b = 10. Let c = 5 - a. Suppose 0 = 4*g - c - 29. What is the units digit of g?
0
Let l(p) = -2*p - 7. What is the units digit of l(-4)?
1
What is the units digit of 64/((-2*4/8)/(-6))?
4
Let l be 0 + -2 + 0 - -3. Let w(p) = p**3. Let j(f) = 4*f**3 - 6*f**2 + 3*f - 9. Let b(k) = l*j(k) - 3*w(k). What is the units digit of b(6)?
9
Suppose -60 = 7*y - 2*y. What is the tens digit of (-2 - y/(-9))*-3?
1
Let x(u) = u - 7. Let o be x(8). Let c(w) = 5 - 4*w**2 - w**3 - 1 + o. What is the units digit of c(-4)?
5
Let v(k) be the second derivative of -k**5/10 - k**4/3 + k**2/2 - 3*k. What is the units digit of v(-3)?
9
Let b = -24 + 46. What is the units digit of b?
2
Let m = 140 + 870. Suppose 2*l - m = -3*l. What is the tens digit of l/12 - (-4)/24?
1
Let o(d) = 6*d**2 - 11*d + 4. Let q(v) = 5*v**2 - 10*v + 3. Let c(r) = 4*o(r) - 5*q(r). What is the units digit of c(5)?
6
Suppose 5*x - 46 = 4. Suppose -n = -15 - x. What is the tens digit of n?
2
Let m = 42 - 124. Let x be m/8 + (-3)/(-12). What is the units digit of (x/(-4))/((-2)/(-4))?
5
Let f(c) = 2*c - 3. Let g be 3/((-1)/(2 - 3)). What is the units digit of f(g)?
3
Suppose -2*f + 12 = -f. What is the units digit of f?
2
Let p = -4 - -11. Suppose -4*r + p = -5. Suppose 5*c = r*c + 4. What is the units digit of c?
2
Suppose -i = 2*r + 3*i - 58, 5*i + 43 = r. What is the units digit of r?
3
Let x(q) be the second derivative of -q**5/20 + q**4/12 + q**2/2 + 2*q. Let l be x(0). What is the units digit of (2/l)/((-1)/(-2))?
4
Suppose -t = -4*j + 8, 0 = 2*t + t + 5*j - 44. Let w = -8 + 11. Suppose t = -o + w*o. What is the units digit of o?
4
Let s = 19 + -15. What is the units digit of s?
4
Let s = 26 + -20. What is the units digit of s?
6
Suppose -3*q + q = 0. Suppose h + 0*h - 4 = q. Suppose 0 = -l - l + b, -3*b + 4 = -h*l. What is the units digit of l?
2
Let s(r) = -r**2 - 12*r - 5. Let z(w) = 2*w + 10. Let x be z(-10). What is the units digit of s(x)?
5
Suppose 4*q - 5*q = 0. Let v be q/(-2)*7/14. Suppose 0*l + 4*l - n - 74 = v, 5*l - 5*n - 100 = 0. What is the units digit of l?
8
Let p(r) = -r**3 - 3*r**2 - 3*r. Let c be p(-2). Suppose c*j + 2*j = 0. Suppose -4*n = g - 42, j = 5*n + 2*g - 41 - 10. What is the units digit of n?
1
Let d = -21 + 35. What is the tens digit of d?
1
Let c(s) = -s**3 + 9*s**2 - 8*s + 11. Let t be c(8). Suppose 13 = 4*a - t. What is the units digit of a?
6
Suppose -5*d = 2*q - 32, -5*q + 0*q - 4*d = -80. What is the tens digit of q?
1
What is the units digit of 704/6 - 44/33?
6
Suppose 5*j - 14 = 4*w, 4*j - w - 13 = -4. Suppose -3*k - 8 = -j*m, m + 3*k = -m - 4. What is the units digit of m?
1
Let m(h) = h**3 - 5*h**2 + h + 3. Let o be m(5). Let f = o + -2. What is the units digit of f?
6
Let a be (1 + -1)/(4 + -6). Let b = 1 + a. What is the units digit of b?
1
Suppose -12 = -0*x - 3*x. Suppose -q + 99 = 3*m, -4*q = -7*m + x*m + 84. What is the units digit of m?
2
Let h(r) = -r**3 + 5*r**2 + 5*r + 4. What is the units digit of h(-3)?
1
Let d(a) = a**2 + a + 1. Suppose -5*b + 2*b = 0. What is the units digit of d(b)?
1
Suppose -2*g - 10 = -0. What is the units digit of (-37)/g + (-4)/10?
7
Let o(c) = c**3 - 4*c**2 + 2*c + 1. What is the units digit of o(6)?
5
Let n(d) = d**3 + 2*d**2 - 4*d - 3. Let q be n(-3). Suppose 10 = -5*j - 5*f - q*f, 4*j - f = 12. Suppose -a + j = 1. What is the units digit of a?
1
Suppose 4*u + 0 + 12 = -3*s, 12 = -2*s - 4*u. Suppose s = d - 6*d + 10.